6. Suppose -4*x + 36943 = -43*g + 38*g, -36983 = -4*x - w*g. Is x a prime number?
False
Suppose 6*o - 7*o - 6101 = 0. Let d = -1127 - o. Suppose 0 = -4*h - 2*h + d. Is h a composite number?
False
Let s(g) = g**2 + 9*g + 21. Let t be s(-8). Let m(u) = 54*u**2 + 2*u - 31. Is m(t) a composite number?
True
Let n = 75 - 33. Let o = -40 + n. Suppose -5*x + o*z + 2*z + 1961 = 0, 377 = x + 3*z. Is x a prime number?
True
Let f(p) = 975*p**2 + 46*p - 118. Is f(3) composite?
True
Let c(d) = 5*d + 12. Let x be c(0). Suppose 0 = u + 4*u + 15, 4*u = 2*l - x. Suppose l = -91*q + 96*q - 7645. Is q a composite number?
True
Let v be 32/(-6)*795/(-20). Suppose -v + 562 = 5*n - 5*x, 0 = 3*n + 2*x - 200. Suppose -2*l - 5*p + 103 = -0*l, 0 = -l + 3*p + n. Is l a composite number?
False
Let s be 3/((-9)/(-21)) + -4. Suppose 0 = -s*d + 6*d - 30. Suppose -2740 = -d*g + 6*g. Is g composite?
True
Suppose -5*z - 74 = 3*d, 0 = -5*d + z - 150 - 20. Let k = -28 - d. Suppose 0*f - 4*o - 4051 = -k*f, -795 = -f - 3*o. Is f prime?
False
Suppose 41*i - 35*i = 1632. Suppose -i*s = -276*s + 10412. Is s a composite number?
True
Let f(g) = 1098*g**3 + 2*g**2 - 2*g + 1. Suppose -8 = -4*o, 5*d - 30 = d + o. Suppose 24 = -a + 5*i, -a = -3*a + 2*i - d. Is f(a) composite?
True
Let h be (15/10)/(6/3032). Suppose -3*u + 4*v + 299 = -h, -v - 4 = 0. Is u prime?
True
Let h = -6519 - -6560. Let m be (0 + 15)*(2 - -1). Suppose h*c - m*c = -1004. Is c composite?
False
Let m(y) = 3*y - 53. Let d = -21 - -40. Let k be m(d). Suppose 0 = 4*f - 20, t - 143 - 506 = -k*f. Is t a prime number?
False
Let b(c) = 887*c - 11 - 882*c + 27*c**2 + 4 + 10*c**2. Suppose -7 = 3*a + 5. Is b(a) composite?
True
Let g(o) = 26*o**2 + 2*o + 5. Let v(z) = -z**2 + z. Let y(l) = -g(l) - 4*v(l). Let n be y(-1). Is (-2)/((-14)/n) - (-1 - 39) a composite number?
False
Suppose 121*d = 124*d + 21831. Let s = d - -10252. Suppose -7*v + 7203 = -s. Is v composite?
True
Let h be (-36)/((-12)/3) + -7. Suppose 10 = -2*a, -h*g + a + 11239 = 4*a. Is g prime?
False
Suppose -81*y - 145*y = -25387258. Is y composite?
True
Let g(i) be the third derivative of i**4/24 + 2*i**3/3 - 10*i**2. Let w be g(1). Suppose 1154 + 3381 = w*o. Is o composite?
False
Suppose -79165 - 1010 = -5*v. Let w = 19399 - 1305. Suppose 2*i - v = -5*h, -4*h - 5269 = i - w. Is h composite?
True
Let t(d) = 2*d**2 - 11*d. Let w(k) = 5*k**2 - 23*k. Let g(i) = 9*t(i) - 4*w(i). Let f be g(-3). Suppose -2*b + f*h + 496 = h, -3*b = h - 748. Is b prime?
False
Suppose 12105 = 5*u - 0*u. Let s = 1692 - 1688. Suppose 5*d - 2*d - u = s*y, -5*d = -y - 4035. Is d prime?
False
Let r(i) = 17434*i**2 - 28*i + 65. Is r(3) prime?
True
Is (119/357)/(1/81717) a prime number?
True
Let m be (-38)/(-2) - 4 - -7. Suppose m*y = 30*y - 19832. Is y a composite number?
True
Suppose 0 = 28*s - 25*s - 30. Suppose -4*i - s = -9*i. Is ((-142734)/(-27))/i - 6/27 prime?
False
Let u be 1/(-3) - 124334/21. Let o = -3062 - u. Is o a prime number?
False
Let u(k) = 54*k + 21. Let q(t) = t**2 - 2*t + 13. Let o be q(0). Let d be u(o). Let h = 1018 - d. Is h prime?
False
Let m(u) = 2*u + 1 + 5*u**2 + 8*u - 6. Let p be (-20)/(-70) + -6 + 2/7*-1. Is m(p) composite?
True
Let w(h) = 132*h**2 + 5*h + 13. Let r be w(-2). Suppose 0*x + 4*x = 4*u, -4*x = -2*u - 4. Suppose -j - x*j = -r. Is j composite?
True
Suppose w - r - 32727 + 7068 = 0, 5*r - 51311 = -2*w. Is w a composite number?
True
Suppose 0 = 2*n + 27*n - 284635. Suppose 9*k = 3*z + 8*k - 14712, 2*z = 3*k + n. Is z prime?
True
Suppose 0 = -3*s + 2661 - 20658. Let g = -4258 - s. Is g composite?
False
Suppose 2*x - 12 = -x. Let u = 1391 + -1287. Suppose -x*i + n + u = -n, 3*i = n + 77. Is i prime?
False
Let f be (-2 + -4)/(6/(-4)). Suppose v - 5*v - f = 0. Is (3 - v) + 1075 + 2 a composite number?
True
Let c = -115373 + 493277. Is (-3)/2 + c/96 composite?
True
Let f(p) be the first derivative of 43 + 11/3*p**3 + 8*p**4 - 7*p + 7/2*p**2. Is f(5) composite?
True
Let j(f) be the third derivative of 9*f**5/10 - f**4/8 + f**3/6 - 8*f**2 + 190. Let q be (-1 - (-5)/3)*-3. Is j(q) a composite number?
False
Suppose 5*g - 56*q - 360660 = -55*q, g + 4*q = 72153. Is g composite?
True
Let h = -24187 + 43758. Is h a composite number?
False
Let m = 103278 + -40511. Is m a prime number?
False
Suppose -2*s + 2*f = -9 - 7, -s + 3*f = 0. Let k(z) = z**3 - 7*z**2 - z + 4. Let t be k(s). Let j = t - -997. Is j a prime number?
True
Suppose 3*s = 10*o - 14*o - 50, 2*o + 3*s + 22 = 0. Is 9527/o*(-2 + 0) a prime number?
True
Is -468 - -473 - (-1)/(2/50772) a composite number?
False
Let t = 35776 - 10649. Suppose -t = -8*x + 1041. Is x composite?
False
Suppose 0 = -4*u - 4*y + 176375 + 197573, 2*u = -7*y + 186939. Is u prime?
False
Suppose 4*d - 13772 = -4*h + 51428, -5*h = -d - 81470. Suppose 9*f - 14*f = -h. Is f a prime number?
True
Let o(i) = 2*i + 4. Let d be o(-22). Let x = 42 + d. Suppose -x*m + 2130 = 4*m. Is m prime?
False
Let b(z) = -377*z + 8 + 337*z - 585*z - 545*z. Is b(-3) a prime number?
False
Let z = -220639 + 383028. Is z composite?
False
Let s be 28 + -7 + (3 - 3). Suppose 0 = 23*a - s*a - 5818. Suppose t - 5*t = -4*h - 3884, 3*t - a = 2*h. Is t prime?
True
Is 52/(-6)*(12/(-6) + 49553/(-2)) prime?
False
Let n(r) = -5499*r + 1205. Is n(-31) composite?
True
Suppose -27*z + 1486 = -323. Suppose z*j - 64*j - u = 41816, 0 = 5*j + 5*u - 69700. Is j prime?
False
Let q = -172 + 175. Is 2/q*(-37308)/(-8) a composite number?
False
Let d(c) = -c**2 + 14*c - 3. Let n be d(13). Let u be (n/20)/((-1)/(-8)). Suppose -242 = -u*g + 146. Is g a prime number?
True
Let w(i) = -7*i + 28. Let p be w(3). Let j(t) = 6*t**3 - 4*t**2 - 10*t - 13. Is j(p) composite?
True
Suppose -26*s + 88 = -15*s. Suppose -101*k - s = -99*k, -4*k = 2*a - 39676. Is a a prime number?
False
Let o(c) = 144*c**2 - 31*c + 107. Is o(-24) composite?
True
Let t(v) = -v**3 + 12*v**2 - 13*v + 26. Let c be t(11). Suppose -c*h + 1354 = 2*y, -8*y + 6*y + 4*h = -1338. Is y prime?
True
Suppose -13086 = -3*p + 3*y - 6*y, -3*p = -2*y - 13101. Suppose -3*h + p = -4*i, h + h = -4*i + 2890. Is h composite?
False
Is -26*25/(-6500) + 81562338/20 a composite number?
False
Let h(t) = -2*t**3 + 14*t**2 + 17*t - 8. Let c be h(8). Suppose c*d = -3*d + 4155. Is d a composite number?
True
Let l(h) = 546*h**2 + h + 5. Let d be l(-3). Suppose -4*q + d = 4*k, k + 2*q = 2*k - 1226. Let f = k + -161. Is f a composite number?
True
Let q = -726 + 719. Let k(r) = -3258*r - 49. Is k(q) a prime number?
False
Let d be -8 + 4 - (-3 - 0). Let o(r) = -2*r - 2. Let b be o(d). Suppose b = 23*n - 16*n - 12313. Is n a prime number?
True
Let v = 890800 + -447319. Is v composite?
True
Let f(b) = -86071*b - 6930. Is f(-7) composite?
True
Suppose -25*b = -21*b - 3*l - 113381, -5*l = -b + 28358. Is b prime?
False
Suppose 0 = -3*i - 2*r - 19726 + 49329, -4*r + 49335 = 5*i. Let u = 12639 - 7063. Let x = i - u. Is x a composite number?
True
Let u(q) = q**2 + 14*q + 1. Let g be u(-15). Let i(r) = -7 - 648*r - 16 + g. Is i(-3) a composite number?
True
Suppose 3*c - 5*b + 238 = 0, -c - b + 2*b - 82 = 0. Let y = 87 - c. Suppose 2*p - 5*n - y = 0, -p + 404 = 4*p - 3*n. Is p composite?
False
Suppose 10*i + 140197536 = 298*i. Is i a prime number?
True
Let v(o) = -o**2 - 5*o + 10. Let q be v(-6). Let y be ((-1)/1)/(-3)*(q - 10). Let w(t) = 68*t**2 + 7*t + 5. Is w(y) a prime number?
True
Suppose -2627101 + 149165 = -16*s. Is s prime?
True
Suppose 15*x = 6*x. Suppose -5*a = -3*r + 2069, x = -0*a - 4*a - 16. Is r a composite number?
False
Suppose 1958 - 28283 = -4*a + 21271. Is a composite?
True
Let c(d) = d**2 + 14*d + 24. Let m be c(-12). Suppose 4*f - 17736 = -m*f. Suppose 3*v - f = -3*v. Is v a composite number?
False
Suppose 0 = 3*f - 5*b - 248842, -2*f = -33*b + 38*b - 165853. Is f composite?
False
Let j = 59403 - 35506. Is j a prime number?
False
Suppose 0 = 14*y - 158*y + 1103472. Is y prime?
False
Let w be (-4)/6 - (-453474)/54 - -6. Let q = -1126 + w. Is q a prime number?
False
Let t(v) = -v**3 + 6*v**2 + 3. Let h be t(6). Suppose -u = h*u + 3*u. Suppose 2*y = -i - 3*i + 890, u = 3*y + i - 1330. Is y a prime number?
True
Is (-10680558)/(-70) + 12 + (-2)/5 prime?
False
Let p(m) = -10*m - 19. Let n be p(-3). Let g(k) = 170*k - 49. Is g(n) prime?
False
Let l = 352